{"version":"1.0","provider_name":"Kuvien takaa","provider_url":"https:\/\/suomenkuvalehti.fi\/kuvien-takaa","title":"Valmentaja, elokuva yritt\u00e4j\u00e4n hybriksest\u00e4 monella tasolla - Kuvien takaa","type":"rich","width":600,"height":338,"html":"<blockquote class=\"wp-embedded-content\" data-secret=\"bqgdYMLitB\"><a href=\"https:\/\/suomenkuvalehti.fi\/kuvien-takaa\/valmentaja-elokuva-yrittajan-hybriksesta-monella-tasolla\/\">Valmentaja, elokuva yritt\u00e4j\u00e4n hybriksest\u00e4 monella tasolla<\/a><\/blockquote><iframe sandbox=\"allow-scripts\" security=\"restricted\" src=\"https:\/\/suomenkuvalehti.fi\/kuvien-takaa\/valmentaja-elokuva-yrittajan-hybriksesta-monella-tasolla\/embed\/#?secret=bqgdYMLitB\" width=\"600\" height=\"338\" title=\"&#8221;Valmentaja, elokuva yritt\u00e4j\u00e4n hybriksest\u00e4 monella tasolla&#8221; &#8212; Kuvien takaa\" data-secret=\"bqgdYMLitB\" frameborder=\"0\" marginwidth=\"0\" marginheight=\"0\" scrolling=\"no\" class=\"wp-embedded-content\"><\/iframe><script type=\"text\/javascript\">\n\/* <![CDATA[ *\/\n\/*! This file is auto-generated *\/\n!function(d,l){\"use strict\";l.querySelector&&d.addEventListener&&\"undefined\"!=typeof URL&&(d.wp=d.wp||{},d.wp.receiveEmbedMessage||(d.wp.receiveEmbedMessage=function(e){var t=e.data;if((t||t.secret||t.message||t.value)&&!\/[^a-zA-Z0-9]\/.test(t.secret)){for(var s,r,n,a=l.querySelectorAll('iframe[data-secret=\"'+t.secret+'\"]'),o=l.querySelectorAll('blockquote[data-secret=\"'+t.secret+'\"]'),c=new RegExp(\"^https?:$\",\"i\"),i=0;i<o.length;i++)o[i].style.display=\"none\";for(i=0;i<a.length;i++)s=a[i],e.source===s.contentWindow&&(s.removeAttribute(\"style\"),\"height\"===t.message?(1e3<(r=parseInt(t.value,10))?r=1e3:~~r<200&&(r=200),s.height=r):\"link\"===t.message&&(r=new URL(s.getAttribute(\"src\")),n=new URL(t.value),c.test(n.protocol))&&n.host===r.host&&l.activeElement===s&&(d.top.location.href=t.value))}},d.addEventListener(\"message\",d.wp.receiveEmbedMessage,!1),l.addEventListener(\"DOMContentLoaded\",function(){for(var e,t,s=l.querySelectorAll(\"iframe.wp-embedded-content\"),r=0;r<s.length;r++)(t=(e=s[r]).getAttribute(\"data-secret\"))||(t=Math.random().toString(36).substring(2,12),e.src+=\"#?secret=\"+t,e.setAttribute(\"data-secret\",t)),e.contentWindow.postMessage({message:\"ready\",secret:t},\"*\")},!1)))}(window,document);\n\/* ]]> *\/\n<\/script>\n","description":"\u201dSuurin n\u00e4ytt\u00e4misen tarpeeni t\u00e4yttyi jo edellisess\u00e4 elokuvassa. Nyt mulle on tavallaan ihan se ja sama, mit\u00e4 ihmiset Valmentajasta ajattelee. Tietysti sisimm\u00e4ss\u00e4ni toivon, ett\u00e4 ne tykk\u00e4isiv\u00e4t\u201d, Tuukka Temonen sanoi Ylen haastattelussa elokuussa. Nyt elokuvatuottaja-ohjaaja Temonen on uhri. Avoimella Facebook-sivu&hellip;","thumbnail_url":"https:\/\/suomenkuvalehti.fi\/kuvien-takaa\/wp-content\/uploads\/sites\/11\/2022\/04\/kalle_kinnunen_blogi-1-scaled.jpg","thumbnail_width":2560,"thumbnail_height":1707}

Valmentaja, elokuva yrittäjän hybriksestä monella tasolla - Kuvien takaa

<blockquote class="wp-embedded-content" data-secret="bqgdYMLitB"><a href="https://suomenkuvalehti.fi/kuvien-takaa/valmentaja-elokuva-yrittajan-hybriksesta-monella-tasolla/">Valmentaja, elokuva yrittäjän hybriksestä monella tasolla</a></blockquote><iframe sandbox="allow-scripts" security="restricted" src="https://suomenkuvalehti.fi/kuvien-takaa/valmentaja-elokuva-yrittajan-hybriksesta-monella-tasolla/embed/#?secret=bqgdYMLitB" width="600" height="338" title="&#8221;Valmentaja, elokuva yrittäjän hybriksestä monella tasolla&#8221; &#8212; Kuvien takaa" data-secret="bqgdYMLitB" frameborder="0" marginwidth="0" marginheight="0" scrolling="no" class="wp-embedded-content"></iframe><script type="text/javascript">
/* <![CDATA[ */
/*! This file is auto-generated */
!function(d,l){"use strict";l.querySelector&&d.addEventListener&&"undefined"!=typeof URL&&(d.wp=d.wp||{},d.wp.receiveEmbedMessage||(d.wp.receiveEmbedMessage=function(e){var t=e.data;if((t||t.secret||t.message||t.value)&&!/[^a-zA-Z0-9]/.test(t.secret)){for(var s,r,n,a=l.querySelectorAll('iframe[data-secret="'+t.secret+'"]'),o=l.querySelectorAll('blockquote[data-secret="'+t.secret+'"]'),c=new RegExp("^https?:$","i"),i=0;i<o.length;i++)o[i].style.display="none";for(i=0;i<a.length;i++)s=a[i],e.source===s.contentWindow&&(s.removeAttribute("style"),"height"===t.message?(1e3<(r=parseInt(t.value,10))?r=1e3:~~r<200&&(r=200),s.height=r):"link"===t.message&&(r=new URL(s.getAttribute("src")),n=new URL(t.value),c.test(n.protocol))&&n.host===r.host&&l.activeElement===s&&(d.top.location.href=t.value))}},d.addEventListener("message",d.wp.receiveEmbedMessage,!1),l.addEventListener("DOMContentLoaded",function(){for(var e,t,s=l.querySelectorAll("iframe.wp-embedded-content"),r=0;r<s.length;r++)(t=(e=s[r]).getAttribute("data-secret"))||(t=Math.random().toString(36).substring(2,12),e.src+="#?secret="+t,e.setAttribute("data-secret",t)),e.contentWindow.postMessage({message:"ready",secret:t},"*")},!1)))}(window,document);
/* ]]> */
</script>

”Suurin näyttämisen tarpeeni täyttyi jo edellisessä elokuvassa. Nyt mulle on tavallaan ihan se ja sama, mitä ihmiset Valmentajasta ajattelee. Tietysti sisimmässäni toivon, että ne tykkäisivät”, Tuukka Temonen sanoi Ylen haastattelussa elokuussa. Nyt elokuvatuottaja-ohjaaja Temonen on uhri. Avoimella Facebook-sivu&hellip;
